4/2 + 29*c**3/6 - c**2 - 1061. Determine i(-13).
16
Suppose -10*n - 5*l = -60, -29*l - 64 = -4*n - 26*l. Let s(b) = -6*b + 32. What is s(n)?
-28
Let a be 1 - 5 - -191*5/5. Let v = 184 - a. Let k(r) = 4*r - 4. Calculate k(v).
-16
Let l(a) = -a**3 + a**2 + a + 5. Let i(m) = -m**3 + m**2 + 2*m + 50. Let j be i(0). Let q = j - 50. Suppose -5*g + 7*g + 2 = -d, q = 5*g - d - 2. What is l(g)?
5
Let d(o) = -30 + o - 29 + 121 - 28 - 24 - 23. Let j = 6 - -5. Calculate d(j).
-2
Let l(i) be the first derivative of i**4/4 - 8*i**3/3 + 7*i**2/2 - 3*i + 1. Suppose -105*k = -4*w - 98*k + 38, 8 = 3*w + 5*k. Give l(w).
-33
Suppose -3*q + 7 - 46 = 0. Let j = q + 23. Let z(x) be the third derivative of x**5/60 - 11*x**4/24 + 2*x**3 - 228*x**2. Determine z(j).
2
Let x(c) = 46*c**3 + 83*c**2 + 143*c - 18. Let w(y) = -33*y**3 - 56*y**2 - 95*y + 12. Let i(j) = -7*w(j) - 5*x(j). What is i(25)?
6
Let t(p) = p**3 + 6*p**2 - p - 6. Suppose 0 = -2*l + 3*r - 57, 3*l - r - 34 = -109. Let g be l/40*(1 - 6). Suppose 0 = -5*s - 33 + g. What is t(s)?
0
Let n(s) = s**2 + 8*s - 4. Let c(l) = l**2 + 11*l - 5. Let t be c(-11). Let m be t + 4*4/(-24)*6. Determine n(m).
5
Let c(j) = -17*j**2 + 31*j + 13. Let o(w) = -30*w**2 + 61*w + 24. Let v(m) = -7*c(m) + 4*o(m). Give v(23).
97
Suppose 9*j + 2*j - 803 = 0. Let k(m) = 3 + j*m**2 - m**3 - 143*m**2 - 2*m + 73*m**2. Suppose 6 = -13*h + 32. Determine k(h).
3
Let z(h) be the second derivative of -1/120*h**5 - 1/12*h**4 + 10*h - 11/6*h**3 + 0*h**2 + 0. Let p(i) be the second derivative of z(i). Determine p(-7).
5
Let o(a) = -a**2 - 23*a + 6. Let y be o(-23). Let t(c) = 0*c + 28 + 13 + y*c - 3. Let n be t(-6). Let x(w) = -2*w - 1. Give x(n).
-5
Let t = -274 + 433. Let d = 169 - t. Let z(q) = -11*q**3 + 29*q**2 - 11*q + 31. Let m(g) = -5*g**3 + 14*g**2 - 5*g + 15. Let c(l) = -9*m(l) + 4*z(l). Give c(d).
-1
Let v(s) = -s - 21. Let r be v(-28). Let m(t) = 9*t**2 - 7*t - 3. Let j(w) = -31*w**2 + 22*w + 8. Let i(c) = r*m(c) + 2*j(c). What is i(4)?
-9
Let a(v) = -9*v - 5. Let q(s) = -18*s - 11. Let n(t) = 9*a(t) - 4*q(t). Let c(r) = -40*r - 8. Let d be c(-7). Let l = -273 + d. What is n(l)?
8
Suppose -326 = c - 113. Let g = -212 - c. Let z(k) = 4*k**2 + 2*k - 2. What is z(g)?
4
Suppose 3*y - 11 = -5*c, 0*y - 2*c = 3*y - 8. Let t(a) = a**y + 15*a**2 + 7*a**2 + a. Determine t(1).
24
Suppose -33*r - 104 = -4*i - 38*r, 26 = 2*i - 4*r. Let n(x) = -31*x + 650. Determine n(i).
-1
Let s(k) be the third derivative of -k**6/180 + k**5/30 + 3*k**3 + 14*k**2. Let u(j) be the first derivative of s(j). Suppose 2*b = -1 + 7. What is u(b)?
-6
Let v(h) = 3*h. Let j = -410 + 426. Let w(l) = -7*l + 41. Let k(i) = 3*i - 20. Let m(q) = -5*k(q) - 2*w(q). Let d be m(j). Calculate v(d).
6
Let g(p) be the third derivative of p**6/120 + p**5/6 - 11*p**4/24 + 3*p**3 - p**2 - 1138. Determine g(-11).
18
Let m(c) be the third derivative of -c**4/4 - c**3/3 + 2836*c**2. Let r = 3 + -6. Let w be (-4)/(-12) + (-5)/r. What is m(w)?
-14
Suppose -3*z + 0*j = -2*j - 12, 0 = 4*z + 2*j - 30. Let x(l) = 10*l**2 + 19*l - 34. Let v(f) = 8*f**2 + 18*f - 29. Let u(m) = 6*v(m) - 5*x(m). Give u(z).
2
Let z(u) = -u**2 - u + 2. Let d(q) = 2*q**3 + 8*q**2 + 7*q - 8. Let b(l) = -d(l) - 6*z(l). What is b(-3)?
35
Suppose 5*n - 3 = -2*c, 10*c - 7*c = 2*n + 14. Let u(h) = -2*h**2 - 29*h + 16. Let r(w) = w**2 + 15*w - 10. Let f(q) = c*u(q) + 7*r(q). Calculate f(-10).
4
Let r(y) = 2*y**2 + 7*y - 140. Let f be r(9). Let z(o) = 4 - o**2 + f*o - 54*o - 41*o. Calculate z(-10).
4
Let r(l) = l**2 + 10*l + 19. Let s(k) = 5*k**3 - 101*k**2 + 21*k - 27. Let b be s(20). What is r(b)?
-2
Let r(b) = 26*b + 11. Let i(g) = 36*g + 7. Let v(o) = 3*i(o) - 4*r(o). What is v(-14)?
-79
Let a(r) = -23*r + 5. Let o(c) = -12*c + 2. Let i(g) = -3*a(g) + 5*o(g). Let s(u) = 99*u + 36*u + 4 - 143*u. Let z(h) = -5*i(h) - 6*s(h). Determine z(-1).
-2
Let n(y) be the second derivative of y**7/840 + y**6/72 - y**5/24 - y**4/24 - 59*y**3/6 - 80*y. Let h(s) be the second derivative of n(s). Calculate h(-6).
-7
Let b(o) be the third derivative of 11/3*o**3 - 1/12*o**4 + 0 + 40*o**2 + 0*o. Give b(12).
-2
Let f(d) = -205 + 576 - 194 - 205 - d. Give f(-28).
0
Let o(d) = d**3 - 4*d**2 + d + 5. Let l = 77 + -72. Suppose -l*w = -m - 37, -5*w - 8*m + 46 = -6*m. Suppose 6*j - 11 = 2*j + x, -4*x = -3*j - w. Calculate o(j).
9
Suppose 4*u + 4*d + 52 = -0*d, -3*d + 81 = -5*u. Let z = -20 - u. Let i(n) = -2 + 3*n - 4 - n**2 - 8*n - n. Determine i(z).
-1
Suppose 5*m - 42 + 107 = 0. Let a be (4 + -5)*6 - m. Let w(i) = 2*i**2 - 13*i - 6. Calculate w(a).
1
Let p(n) be the second derivative of n**3/6 + 13*n**2/2 - 2144*n. What is p(-9)?
4
Suppose -2*u - 8 = 0, -2*v + 5*u - 410 = 3*u. Let d = 209 + v. Let x(o) = o**2 + o + 6. Determine x(d).
6
Let n(w) = 2*w**2 - 19*w + 1. Let y(j) = -j**3 - j**2 + 51*j + 145. Let i be y(-3). Give n(i).
11
Suppose -72 + 56 = -8*a. Let i(t) = -7*t - 2*t**2 + 11 - 9*t**2 + 5*t**2 - t**a + 6*t**2. Give i(-9).
-7
Let g = 204 - 207. Let t(h) = 110*h**2 - 5*h - 34*h**2 - 4 - 36*h**2 - 41*h**2. Give t(g).
2
Let c(a) = 0 - 5 - a**3 + 8 - 1. Let z be c(0). Let b(u) = 0*u**3 + 3 - 2*u**3 + 0*u**3 + 3*u**3 - 3*u + 5*u**z. Determine b(-5).
18
Let x(k) = k**3 + 5*k**2 - 7*k - 7. Let o be x(-6). Let n = o + 5. Let s(f) = -3*f - 12 - 5*f + 9*f + 13. What is s(n)?
5
Let w(n) = -128*n - 135. Let o(q) = -115*q - 135. Let u(f) = 9*o(f) - 8*w(f). Determine u(-12).
-3
Let d(j) = 7*j + 2*j**2 - 3*j**2 - 3*j. Let i be 3/(-4)*-1 - (-3819)/76. Suppose i*c - 43*c - 32 = 0. Give d(c).
0
Let w(x) be the third derivative of 7*x**4/8 - 31*x**3/2 - 3*x**2 - 1805*x. Determine w(4).
-9
Suppose 2*u - 4*i = 6, 2*u + 3 = 3*u + 5*i. Let b(y) = 58 - 2*y + 55 + u*y**2 + 4*y + 2*y**3 - 112. Determine b(-3).
-32
Let z(c) be the first derivative of c**4/8 + 22*c**2 - 10. Let q(j) be the second derivative of z(j). Suppose 0 = 3*r - 3*s, 0 = -4*r + s + 6. Give q(r).
6
Let z(h) = h**2 - 12*h + 2. Let r = -10 + 22. Let d be z(r). Let l(w) = -2*w - 2*w + 0*w - d + 5*w. Determine l(-2).
-4
Let z(u) = u**2 + 6*u - 18. Let g be ((-16)/(-6) + -2)/(50/450). What is z(g)?
54
Let p be (-6 + 7)*4 - -1. Suppose 0 = -4*w + 4*l + 32, 1 + 14 = -p*l. Let v(c) = c**3 - 3*c**2 - 7*c + 2. Give v(w).
17
Let t(v) = 4*v + 68. Let u be t(-16). Suppose 0 = -u*f + 53 - 25. Let g(k) = k**2 - 9*k + 5. Determine g(f).
-9
Let y(w) = -w**2 + 9*w + 2. Let t be 5/30*2 - 52/(-6). Let k be y(t). Let d(g) = 3 + 3*g - 27*g**2 + 16*g**k + 12*g**2. What is d(-5)?
13
Let y(u) = u**3 - 2*u**2 - u + 1. Let z(q) = -5*q**3 + 14*q**2 - 2*q - 1. Let c(p) = 4*y(p) + z(p). Let f = -7 - -11. What is c(f)?
11
Let a = 88 + -151. Let s = -59 - a. Suppose -o + s = -4. Let j(r) = r**3 - 9*r**2 + 8*r - 3. What is j(o)?
-3
Let m(s) = -2*s**3 + 12*s**2 + 9*s + 7. Let v(n) = -n**3 + 6*n**2 + 4*n + 4. Let o(f) = 4*m(f) - 7*v(f). Let a(l) = 2*l - 55. Let h be a(31). Give o(h).
7
Let i(b) be the first derivative of b**4/4 + 4*b**3/3 - 7*b**2/2 - 4*b - 17. Let g(v) = 2*v**3 + 14*v**2 + 6*v + 37. Let s be g(-7). Calculate i(s).
6
Suppose -5*u - j + 89 - 32 = 0, 0 = 3*u - 14*j - 5. Let f(o) = o**2 - 11*o + 7. Calculate f(u).
7
Let z(h) = 9*h**3 + 26*h**2 - 9*h - 14. Let f(u) = 4*u**3 + 12*u**2 - 4*u - 7. Let d(x) = 11*f(x) - 5*z(x). Calculate d(-3).
35
Let t(q) = -12*q**2 + 9*q**2 + 2 + 0*q**2 - 5 + 2. Suppose 57 = -2*v + 21*v. Give t(v).
-28
Suppose 5*d = -0*d + 5. Let r be 1*(-1)/d + -1. Let j(l) = 3 + 818*l**2 + 380*l**2 - 1197*l**2 + 2*l. Give j(r).
3
Suppose 233*k + 63 = 224*k. Let p(d) = -d**2 + 49. Calculate p(k).
0
Let r(g) be the first derivative of -g**4/4 - 5*g**3/3 - g**2 + g + 1402. Give r(-2).
-7
Suppose 111*n = 964 - 1075. Let q(k) be the third derivative of 13*k**5/60 + k**4/24 - k**3/6 + k**2. Give q(n).
11
Let v(s) = -222*s + 3595. Let t be v(16). Let d(b) = -b**2 + 38*b + 207. Give d(t).
-8
Let h(c) = -c**2 - 9*c - 2. Let t(d) = -3*d**2 - 26*d - 6. Let x(j) = -11*h(j) + 4*t(j). Let m = 1794 + -1797. Calculate x(m).
4
Let i(r) be the first derivative of -r**3/3 - 17*r**2/2 - 10*r - 6109. Calculate i(-5).
50
Let v = 151 + -148. Let o(m) = -6 + m - 8*m**3 - 2*m + m**v - 12*m**2 + 6*m**3. Give o(-12).
6
Let v(o) = -2*o**2 + 5*o - 16. Let b(i) = i**2 - 3*i + 7. Suppose 35*d = 41*d - 12. Let t(m) = d*v(m) +